{"id":941,"date":"2025-10-09T12:42:19","date_gmt":"2025-10-09T12:42:19","guid":{"rendered":"https:\/\/www.uverovy-radce.cz\/?page_id=941"},"modified":"2025-10-09T12:49:40","modified_gmt":"2025-10-09T12:49:40","slug":"941-2","status":"publish","type":"page","link":"https:\/\/www.uverovy-radce.cz\/?page_id=941","title":{"rendered":""},"content":{"rendered":"<h5 style=\"text-align: center;\"><span style=\"color: #999999;\">Up\u0159esn\u011bte \u00fadaje o po\u017eadovan\u00e9m \u00fav\u011bru a \u017eadateli<\/span><\/h5>\n\n\n<div style=\"height:30px\" aria-hidden=\"true\" class=\"wp-block-spacer\"><\/div>\n\n\n\n<p class=\"has-text-align-center\"><style id=\"wpforms-css-vars-931\">\n\t\t\t\t#wpforms-931 {\n\t\t\t\t--wpforms-container-padding: 0px;\n--wpforms-container-border-width: 1px;\n--wpforms-container-border-radius: 3px;\n--wpforms-background-color: rgba(0, 0, 0, 0);\n--wpforms-field-size-input-height: 43px;\n--wpforms-field-size-input-spacing: 15px;\n--wpforms-field-size-font-size: 16px;\n--wpforms-field-size-line-height: 19px;\n--wpforms-field-size-padding-h: 14px;\n--wpforms-field-size-checkbox-size: 16px;\n--wpforms-field-size-sublabel-spacing: 5px;\n--wpforms-field-size-icon-size: 1;\n--wpforms-label-size-font-size: 16px;\n--wpforms-label-size-line-height: 19px;\n--wpforms-label-size-sublabel-font-size: 14px;\n--wpforms-label-size-sublabel-line-height: 17px;\n--wpforms-button-size-font-size: 17px;\n--wpforms-button-size-height: 41px;\n--wpforms-button-size-padding-h: 15px;\n--wpforms-button-size-margin-top: 10px;\n--wpforms-container-shadow-size-box-shadow: none;\n\t\t\t}\n\t\t\t<\/style><div class=\"wpforms-container wpforms-container-full wpforms-render-modern\" id=\"wpforms-931\"><form id=\"wpforms-form-931\" class=\"wpforms-validate wpforms-form wpforms-ajax-form\" data-formid=\"931\" method=\"post\" enctype=\"multipart\/form-data\" action=\"\/index.php?rest_route=%2Fwp%2Fv2%2Fpages%2F941\" data-token=\"d849766f131c91934bd34ce34dca5de9\" data-token-time=\"1777566097\"><noscript class=\"wpforms-error-noscript\">Chcete-li vyplnit tento formul\u00e1\u0159, pros\u00edm povolte v prohl\u00ed\u017ee\u010di JavaScript.<\/noscript><div id=\"wpforms-error-noscript\" style=\"display: none;\">Chcete-li vyplnit tento formul\u00e1\u0159, pros\u00edm povolte v prohl\u00ed\u017ee\u010di JavaScript.<\/div><div class=\"wpforms-field-container\"><div id=\"wpforms-931-field_8-container\" class=\"wpforms-field wpforms-field-text\" data-field-id=\"8\"><label class=\"wpforms-field-label\" for=\"wpforms-931-field_8\">\u00dav\u011br - v\u00fd\u0161e <span class=\"wpforms-required-label\" aria-hidden=\"true\">*<\/span><\/label><input type=\"text\" id=\"wpforms-931-field_8\" class=\"wpforms-field-small wpforms-field-required\" name=\"wpforms[fields][8]\" placeholder=\"Po\u017eadovan\u00fd objem\" aria-errormessage=\"wpforms-931-field_8-error\" required><\/div><div id=\"wpforms-931-field_19-container\" class=\"wpforms-field wpforms-field-select wpforms-field-select-style-classic\" data-field-id=\"19\"><label class=\"wpforms-field-label\" for=\"wpforms-931-field_19\">\u00dav\u011br - \u00fa\u010del <span class=\"wpforms-required-label\" aria-hidden=\"true\">*<\/span><\/label><select id=\"wpforms-931-field_19\" class=\"wpforms-field-small wpforms-field-required\" name=\"wpforms[fields][19]\" required=\"required\"><option value=\"\" class=\"placeholder\" disabled  selected='selected'>--- Vyberte volbu ---<\/option><option value=\"Provozn\u00ed\"  class=\"choice-1 depth-1\"  >Provozn\u00ed<\/option><option value=\"Investi\u010dn\u00ed\"  class=\"choice-2 depth-1\"  >Investi\u010dn\u00ed<\/option><option value=\"Kontokorentn\u00ed\"  class=\"choice-3 depth-1\"  >Kontokorentn\u00ed<\/option><option value=\"Refinancov\u00e1n\u00ed\"  class=\"choice-4 depth-1\"  >Refinancov\u00e1n\u00ed<\/option><\/select><\/div><div id=\"wpforms-931-field_9-container\" class=\"wpforms-field wpforms-field-number\" data-field-id=\"9\"><label class=\"wpforms-field-label\" for=\"wpforms-931-field_9\">\u00dav\u011br - splatnost (roky)<\/label><input type=\"number\" id=\"wpforms-931-field_9\" class=\"wpforms-field-small\" name=\"wpforms[fields][9]\" value=\"0\" step=\"any\" aria-errormessage=\"wpforms-931-field_9-error\" ><\/div><div id=\"wpforms-931-field_7-container\" class=\"wpforms-field wpforms-field-select wpforms-field-select-style-classic\" data-field-id=\"7\"><label class=\"wpforms-field-label\" for=\"wpforms-931-field_7\">Zaji\u0161t\u011bn\u00ed - druh <span class=\"wpforms-required-label\" aria-hidden=\"true\">*<\/span><\/label><select id=\"wpforms-931-field_7\" class=\"wpforms-field-small wpforms-field-required\" name=\"wpforms[fields][7]\" required=\"required\"><option value=\"\" class=\"placeholder\" disabled  selected='selected'>--- Vyberte volbu ---<\/option><option value=\"Nezaji\u0161t\u011bn\"  class=\"choice-1 depth-1\"  >Nezaji\u0161t\u011bn<\/option><option value=\"Pohled\u00e1vky\"  class=\"choice-4 depth-1\"  >Pohled\u00e1vky<\/option><option value=\"Movit\u00e9 v\u011bci\"  class=\"choice-2 depth-1\"  >Movit\u00e9 v\u011bci<\/option><\/select><\/div><div id=\"wpforms-931-field_11-container\" class=\"wpforms-field wpforms-field-text\" data-field-id=\"11\"><label class=\"wpforms-field-label\" for=\"wpforms-931-field_11\">Zaji\u0161t\u011bn\u00ed - hodnota<\/label><input type=\"text\" id=\"wpforms-931-field_11\" class=\"wpforms-field-small\" name=\"wpforms[fields][11]\" placeholder=\"Odhadovan\u00e1 v\u00fd\u0161e\" aria-errormessage=\"wpforms-931-field_11-error\" ><\/div><div id=\"wpforms-931-field_1-container\" class=\"wpforms-field wpforms-field-name\" data-field-id=\"1\"><label class=\"wpforms-field-label\" for=\"wpforms-931-field_1\">\u017dadatel - n\u00e1zev<\/label><input type=\"text\" id=\"wpforms-931-field_1\" class=\"wpforms-field-medium\" name=\"wpforms[fields][1]\" placeholder=\"(dle Obchodn\u00edho rejst\u0159\u00edku)\" aria-errormessage=\"wpforms-931-field_1-error\" ><\/div>\t\t<div id=\"wpforms-931-field_4-container\"\n\t\t\tclass=\"wpforms-field wpforms-field-text\"\n\t\t\tdata-field-type=\"text\"\n\t\t\tdata-field-id=\"4\"\n\t\t\t>\n\t\t\t<label class=\"wpforms-field-label\" for=\"wpforms-931-field_4\" >- zpracov\u00e1n\u00edm \u017dadatel<\/label>\n\t\t\t<input type=\"text\" id=\"wpforms-931-field_4\" class=\"wpforms-field-medium\" name=\"wpforms[fields][4]\" >\n\t\t<\/div>\n\t\t<div id=\"wpforms-931-field_15-container\" class=\"wpforms-field wpforms-field-select wpforms-field-select-style-classic\" data-field-id=\"15\"><label class=\"wpforms-field-label\" for=\"wpforms-931-field_15\">\u017dadatel - statut <span class=\"wpforms-required-label\" aria-hidden=\"true\">*<\/span><\/label><select id=\"wpforms-931-field_15\" class=\"wpforms-field-small wpforms-field-required\" name=\"wpforms[fields][15]\" required=\"required\"><option value=\"\" class=\"placeholder\" disabled  selected='selected'>--- Vyberte volbu ---<\/option><option value=\"Spol. s ru\u010den\u00edm omezen\u00fdm\"  class=\"choice-1 depth-1\"  >Spol. s ru\u010den\u00edm omezen\u00fdm<\/option><option value=\"Akciov\u00e1 spole\u010dnost\"  class=\"choice-2 depth-1\"  >Akciov\u00e1 spole\u010dnost<\/option><option value=\"Komanditn\u00ed spole\u010dnost\"  class=\"choice-3 depth-1\"  >Komanditn\u00ed spole\u010dnost<\/option><option value=\"Ve\u0159ejn\u00e1 obchodn\u00ed spole\u010dnost\"  class=\"choice-4 depth-1\"  >Ve\u0159ejn\u00e1 obchodn\u00ed spole\u010dnost<\/option><\/select><\/div><div id=\"wpforms-931-field_2-container\" class=\"wpforms-field wpforms-field-email\" data-field-id=\"2\"><label class=\"wpforms-field-label\" for=\"wpforms-931-field_2\">E-mail <span class=\"wpforms-required-label\" aria-hidden=\"true\">*<\/span><\/label><input type=\"email\" id=\"wpforms-931-field_2\" class=\"wpforms-field-medium wpforms-field-required\" name=\"wpforms[fields][2]\" spellcheck=\"false\" aria-errormessage=\"wpforms-931-field_2-error\" required><\/div><div id=\"wpforms-931-field_16-container\" class=\"wpforms-field wpforms-field-text\" data-field-id=\"16\"><label class=\"wpforms-field-label\" for=\"wpforms-931-field_16\">Telefon<\/label><input type=\"text\" id=\"wpforms-931-field_16\" class=\"wpforms-field-medium\" name=\"wpforms[fields][16]\" aria-errormessage=\"wpforms-931-field_16-error\" ><\/div><div id=\"wpforms-931-field_3-container\" class=\"wpforms-field wpforms-field-textarea\" data-field-id=\"3\"><label class=\"wpforms-field-label\" for=\"wpforms-931-field_3\">Popis<\/label><textarea id=\"wpforms-931-field_3\" class=\"wpforms-field-medium\" name=\"wpforms[fields][3]\" placeholder=\"Informace o z\u00e1m\u011bru\" aria-errormessage=\"wpforms-931-field_3-error\" ><\/textarea><\/div><div id=\"wpforms-931-field_17-container\" class=\"wpforms-field wpforms-field-checkbox\" data-field-id=\"17\"><fieldset><legend class=\"wpforms-field-label\">Vyj\u00e1d\u0159ete souhlas se zpracov\u00e1n\u00edm osobn\u00edch \u00fadaj\u016f a n\u00e1sledn\u00fdm kontaktem.<\/legend><ul id=\"wpforms-931-field_17\"><li class=\"choice-1 depth-1\"><input type=\"checkbox\" id=\"wpforms-931-field_17_1\" name=\"wpforms[fields][17][]\" value=\"Souhlas\u00edm\" aria-errormessage=\"wpforms-931-field_17_1-error\"  ><label class=\"wpforms-field-label-inline\" for=\"wpforms-931-field_17_1\">Souhlas\u00edm<\/label><\/li><\/ul><\/fieldset><\/div><script>\n\t\t\t\t( function() {\n\t\t\t\t\tconst style = document.createElement( 'style' );\n\t\t\t\t\tstyle.appendChild( document.createTextNode( '#wpforms-931-field_4-container { position: absolute !important; overflow: hidden !important; display: inline !important; height: 1px !important; width: 1px !important; z-index: -1000 !important; padding: 0 !important; } #wpforms-931-field_4-container input { visibility: hidden; } #wpforms-conversational-form-page #wpforms-931-field_4-container label { counter-increment: none; }' ) );\n\t\t\t\t\tdocument.head.appendChild( style );\n\t\t\t\t\tdocument.currentScript?.remove();\n\t\t\t\t} )();\n\t\t\t<\/script><\/div><!-- .wpforms-field-container --><div class=\"wpforms-recaptcha-container wpforms-is-hcaptcha\" ><div class=\"h-captcha\" data-sitekey=\"60eefc36-dfb8-4f44-b5aa-b1b6bdde574c\"><\/div><input type=\"text\" name=\"g-recaptcha-hidden\" class=\"wpforms-recaptcha-hidden\" style=\"position:absolute!important;clip:rect(0,0,0,0)!important;height:1px!important;width:1px!important;border:0!important;overflow:hidden!important;padding:0!important;margin:0!important;\" data-rule-hcaptcha=\"1\"><\/div><div class=\"wpforms-submit-container\" ><input type=\"hidden\" name=\"wpforms[id]\" value=\"931\"><input type=\"hidden\" name=\"page_title\" value=\"\"><input type=\"hidden\" name=\"page_url\" value=\"https:\/\/www.uverovy-radce.cz\/index.php?rest_route=\/wp\/v2\/pages\/941\"><input type=\"hidden\" name=\"url_referer\" value=\"\"><button type=\"submit\" name=\"wpforms[submit]\" id=\"wpforms-submit-931\" class=\"wpforms-submit\" data-alt-text=\"Odes\u00edl\u00e1ni...\" data-submit-text=\"Odeslat\" aria-live=\"assertive\" value=\"wpforms-submit\">Odeslat<\/button><img loading=\"lazy\" decoding=\"async\" src=\"https:\/\/www.uverovy-radce.cz\/wp-content\/plugins\/wpforms-lite\/assets\/images\/submit-spin.svg\" class=\"wpforms-submit-spinner\" style=\"display: none;\" width=\"26\" height=\"26\" alt=\"Na\u010d\u00edt\u00e1n\u00ed\"><\/div><\/form><\/div>  <!-- .wpforms-container --><\/p>\n","protected":false},"excerpt":{"rendered":"<p>Up\u0159esn\u011bte \u00fadaje o po\u017eadovan\u00e9m \u00fav\u011bru a \u017eadateli<\/p>\n","protected":false},"author":1,"featured_media":463,"parent":0,"menu_order":0,"comment_status":"closed","ping_status":"closed","template":"","meta":{"_exactmetrics_skip_tracking":false,"_exactmetrics_sitenote_active":false,"_exactmetrics_sitenote_note":"","_exactmetrics_sitenote_category":0,"_themeisle_gutenberg_block_has_review":false,"footnotes":""},"class_list":["post-941","page","type-page","status-publish","has-post-thumbnail","hentry"],"aioseo_notices":[],"_links":{"self":[{"href":"https:\/\/www.uverovy-radce.cz\/index.php?rest_route=\/wp\/v2\/pages\/941","targetHints":{"allow":["GET"]}}],"collection":[{"href":"https:\/\/www.uverovy-radce.cz\/index.php?rest_route=\/wp\/v2\/pages"}],"about":[{"href":"https:\/\/www.uverovy-radce.cz\/index.php?rest_route=\/wp\/v2\/types\/page"}],"author":[{"embeddable":true,"href":"https:\/\/www.uverovy-radce.cz\/index.php?rest_route=\/wp\/v2\/users\/1"}],"replies":[{"embeddable":true,"href":"https:\/\/www.uverovy-radce.cz\/index.php?rest_route=%2Fwp%2Fv2%2Fcomments&post=941"}],"version-history":[{"count":3,"href":"https:\/\/www.uverovy-radce.cz\/index.php?rest_route=\/wp\/v2\/pages\/941\/revisions"}],"predecessor-version":[{"id":945,"href":"https:\/\/www.uverovy-radce.cz\/index.php?rest_route=\/wp\/v2\/pages\/941\/revisions\/945"}],"wp:featuredmedia":[{"embeddable":true,"href":"https:\/\/www.uverovy-radce.cz\/index.php?rest_route=\/wp\/v2\/media\/463"}],"wp:attachment":[{"href":"https:\/\/www.uverovy-radce.cz\/index.php?rest_route=%2Fwp%2Fv2%2Fmedia&parent=941"}],"curies":[{"name":"wp","href":"https:\/\/api.w.org\/{rel}","templated":true}]}}