{"id":684,"date":"2025-02-19T08:45:36","date_gmt":"2025-02-19T08:45:36","guid":{"rendered":"https:\/\/www.uverovy-radce.cz\/?page_id=684"},"modified":"2025-09-25T10:05:00","modified_gmt":"2025-09-25T10:05:00","slug":"uverove-nabidky-2","status":"publish","type":"page","link":"https:\/\/www.uverovy-radce.cz\/?page_id=684","title":{"rendered":"\u00dav\u011brov\u00e9 nab\u00eddky"},"content":{"rendered":"\n<h4 class=\"wp-block-heading has-text-align-center\">Tady jsou \u00fav\u011brov\u00e9 nab\u00eddky odpov\u00eddaj\u00edc\u00ed va\u0161emu zad\u00e1n\u00ed<\/h4>\n\n\n\n<div style=\"height:30px\" aria-hidden=\"true\" class=\"wp-block-spacer\"><\/div>\n\n\n<h6 style=\"text-align: center;\"><span style=\"color: #999999;\"><span style=\"color: #ff0000;\">TIP<\/span>\u00a0 \u00dav\u011brov\u00e9 nab\u00eddky se dnes odv\u00edj\u00ed od minim\u00e1ln\u00ed \u00farokov\u00e9 sazby, za\u010dn\u011bte tedy namodelov\u00e1n\u00edm po\u017eadovan\u00e9ho \u00fav\u011bru od 1. poskytovatele v po\u0159ad\u00ed, p\u0159es odkaz <span style=\"color: #ff0000;\">&#8218;propo\u010det&#8216;<\/span>. O \u00fav\u011br pak \u017e\u00e1dejte u spole\u010dnosti s nejni\u017e\u0161\u00ed v\u00fdslednou spl\u00e1tkou. (Pokud bude sazba schv\u00e1len\u00e9ho \u00fav\u011bru oproti kalkulaci vy\u0161\u0161\u00ed, za\u017e\u00e1dejte p\u0159\u00edpadn\u011b o dal\u0161\u00ed \u00fav\u011br v po\u0159ad\u00ed dle va\u0161eho propo\u010dtu.)<\/span><\/h6>\n<table width=\"576\">\n<tbody>\n<tr>\n<td width=\"208\" style=\"text-align: center;\"><\/td>\n<td width=\"79\" style=\"text-align: center;\"><span style=\"color: #999999;\"><span style=\"color: #ffffff;\">..<\/span><strong>\u00farok*<\/strong><span style=\"color: #ffffff;\"><strong>.<\/strong>.<\/span><\/span><\/td>\n<td width=\"68\" style=\"text-align: center;\"><span style=\"color: #999999;\"><span style=\"color: #ffffff;\">.<\/span>RPSN*<span style=\"color: #ffffff;\">.<\/span><\/span><\/td>\n<td width=\"80\" style=\"text-align: center;\"><\/td>\n<td width=\"64\" style=\"text-align: center;\"><span style=\"color: #999999;\">popl.<\/span><\/td>\n<td width=\"77\" style=\"text-align: center;\"><span style=\"color: #999999;\">splacen\u00ed<\/span><\/td>\n<\/tr>\n<tr>\n<td style=\"text-align: left;\"><span style=\"color: #999999;\"><a href=\"https:\/\/www.cofidis.cz\/cz\/produkty\/nastavte-si-vasi-pujcku.html\" style=\"color: #999999;\" target=\"_blank\" rel=\"nofollow noopener\">Cofidis<\/a><\/span><\/td>\n<td style=\"text-align: center;\"><strong><span style=\"color: #999999;\">4,9 %<\/span><\/strong><\/td>\n<td style=\"text-align: center;\"><span style=\"color: #999999;\">5,01 %<\/span><\/td>\n<td style=\"text-align: center;\"><span style=\"color: #ff0000;\"><a href=\"https:\/\/www.cofidis.cz\/cz\/produkty\/nastavte-si-vasi-pujcku.html\" style=\"color: #ff0000;\" target=\"_blank\" rel=\"nofollow noopener\">propo\u010det<\/a><\/span><\/td>\n<td style=\"text-align: center;\"><span style=\"color: #999999;\">0 K\u010d<\/span><\/td>\n<td style=\"text-align: center;\"><span style=\"color: #999999;\">do 1 %<\/span><\/td>\n<\/tr>\n<tr>\n<td style=\"text-align: left;\"><span style=\"color: #999999;\"><a href=\"https:\/\/www.essox.cz\/cash-shop\" style=\"color: #999999;\" target=\"_blank\" rel=\"nofollow noopener\">Essox<\/a><\/span><\/td>\n<td style=\"text-align: center;\"><strong><span style=\"color: #999999;\">6,9 %<\/span><\/strong><\/td>\n<td style=\"text-align: center;\"><span style=\"color: #999999;\">7,1 %<\/span><\/td>\n<td style=\"text-align: center;\"><span style=\"color: #ff0000;\"><a href=\"https:\/\/www.essox.cz\/cash-shop\" style=\"color: #ff0000;\" target=\"_blank\" rel=\"nofollow noopener\">propo\u010det<\/a><\/span><\/td>\n<td style=\"text-align: center;\"><span style=\"color: #999999;\">0 K\u010d<\/span><\/td>\n<td style=\"text-align: center;\"><span style=\"color: #999999;\">0 K\u010d<\/span><\/td>\n<\/tr>\n<tr>\n<td style=\"text-align: left;\"><span style=\"color: #999999;\"><a href=\"https:\/\/ads.proficredit.cz\/r\/BN7Gw\/Nl6kM\" style=\"color: #999999;\" target=\"_blank\" rel=\"nofollow noopener\">Poji\u0161t\u011bn\u00e1 p\u016fj\u010dka &#8211; refin.<\/a><\/span><\/td>\n<td style=\"text-align: center;\"><strong><span style=\"color: #999999;\">7,41 %<\/span><\/strong><\/td>\n<td style=\"text-align: center;\"><span style=\"color: #999999;\">7,67 %<\/span><\/td>\n<td style=\"text-align: center;\"><span style=\"color: #ff0000;\"><a href=\"https:\/\/ads.proficredit.cz\/r\/BN7Gw\/Nl6kM\" style=\"color: #ff0000;\" target=\"_blank\" rel=\"nofollow noopener\">propo\u010det<\/a><\/span><\/td>\n<td style=\"text-align: center;\"><span style=\"color: #999999;\">0 K\u010d<\/span><\/td>\n<td style=\"text-align: center;\"><span style=\"color: #999999;\">do 1 %<\/span><\/td>\n<\/tr>\n<tr>\n<td style=\"text-align: left;\"><span style=\"color: #999999;\"><a href=\"https:\/\/www.cofidis.cz\/cz\/produkty\/konsolidace.html\" style=\"color: #999999;\" target=\"_blank\" rel=\"nofollow noopener\">Cofidis &#8211; refin.<\/a><\/span><\/td>\n<td style=\"text-align: center;\"><strong><span style=\"color: #999999;\">8,9 %<\/span><\/strong><\/td>\n<td style=\"text-align: center;\"><span style=\"color: #999999;\">9,27 %<\/span><\/td>\n<td style=\"text-align: center;\"><span style=\"color: #ff0000;\"><a href=\"https:\/\/www.cofidis.cz\/cz\/produkty\/konsolidace.html\" style=\"color: #ff0000;\" target=\"_blank\" rel=\"nofollow noopener\">propo\u010det<\/a><\/span><\/td>\n<td style=\"text-align: center;\"><span style=\"color: #999999;\">0 K\u010d<\/span><\/td>\n<td style=\"text-align: center;\"><span style=\"color: #999999;\">do 1 %<\/span><\/td>\n<\/tr>\n<tr>\n<td style=\"text-align: left;\"><span style=\"color: #999999;\"><a href=\"https:\/\/ads.proficredit.cz\/r\/BN7Gw\/vKWRM\" style=\"color: #999999;\" target=\"_blank\" rel=\"nofollow noopener\">Razdva p\u016fj\u010dka<\/a><\/span><\/td>\n<td style=\"text-align: center;\"><strong><span style=\"color: #999999;\">9,2 %<\/span><\/strong><\/td>\n<td style=\"text-align: center;\"><span style=\"color: #999999;\">9,59 %<\/span><\/td>\n<td style=\"text-align: center;\"><span style=\"color: #ff0000;\"><a href=\"https:\/\/ads.proficredit.cz\/r\/BN7Gw\/vKWRM\" style=\"color: #ff0000;\" target=\"_blank\" rel=\"nofollow noopener\">propo\u010det<\/a><\/span><\/td>\n<td style=\"text-align: center;\"><span style=\"color: #999999;\">0 K\u010d<\/span><\/td>\n<td style=\"text-align: center;\"><span style=\"color: #999999;\">do 1 %<\/span><\/td>\n<\/tr>\n<tr>\n<td style=\"text-align: left;\"><span style=\"color: #999999;\"><a href=\"https:\/\/www.creditea.cz\/\" style=\"color: #999999;\" target=\"_blank\" rel=\"nofollow noopener\">Creditea<\/a><\/span><\/td>\n<td style=\"text-align: center;\"><strong><span style=\"color: #999999;\">9,84 %<\/span><\/strong><\/td>\n<td style=\"text-align: center;\"><span style=\"color: #999999;\">10,5 %<\/span><\/td>\n<td style=\"text-align: center;\"><span style=\"color: #ff0000;\"><a href=\"https:\/\/www.creditea.cz\/\" style=\"color: #ff0000;\" target=\"_blank\" rel=\"nofollow noopener\">propo\u010det<\/a><\/span><\/td>\n<td style=\"text-align: center;\"><span style=\"color: #999999;\">0 K\u010d<\/span><\/td>\n<td style=\"text-align: center;\"><span style=\"color: #999999;\">0 K\u010d<\/span><\/td>\n<\/tr>\n<tr>\n<td style=\"text-align: left;\"><span style=\"color: #999999;\"><a href=\"https:\/\/espolupracecz.go2cloud.org\/aff_c?offer_id=288&amp;aff_id=9156&amp;source=uverovy-radce\" style=\"color: #999999;\" target=\"_blank\" rel=\"nofollow noopener\">HomeCredit &#8211; refin.<\/a><\/span><\/td>\n<td style=\"text-align: center;\"><strong><span style=\"color: #999999;\">10,9 %<\/span><\/strong><\/td>\n<td style=\"text-align: center;\"><span style=\"color: #999999;\">11,5 %<\/span><\/td>\n<td style=\"text-align: center;\"><span style=\"color: #ff0000;\"><a href=\"https:\/\/www.homecredit.cz\/konsolidace-pujcek\" style=\"color: #ff0000;\" target=\"_blank\" rel=\"nofollow noopener\">propo\u010det<\/a><\/span><\/td>\n<td style=\"text-align: center;\"><span style=\"color: #999999;\">0 K\u010d<\/span><\/td>\n<td style=\"text-align: center;\"><span style=\"color: #999999;\">0 K\u010d<\/span><\/td>\n<\/tr>\n<tr>\n<td style=\"text-align: left;\"><span style=\"color: #999999;\"><a href=\"https:\/\/www.homecredit.cz\/pujcky\" style=\"color: #999999;\" target=\"_blank\" rel=\"nofollow noopener\">HomeCredit<\/a><\/span><\/td>\n<td style=\"text-align: center;\"><strong><span style=\"color: #999999;\">11,9 %<\/span><\/strong><\/td>\n<td style=\"text-align: center;\"><span style=\"color: #999999;\">12,6 %<\/span><\/td>\n<td style=\"text-align: center;\"><span style=\"color: #ff0000;\"><a href=\"https:\/\/www.homecredit.cz\/pujcky\" style=\"color: #ff0000;\" target=\"_blank\" rel=\"nofollow noopener\">propo\u010det<\/a><\/span><\/td>\n<td style=\"text-align: center;\"><span style=\"color: #999999;\">0 K\u010d<\/span><\/td>\n<td style=\"text-align: center;\"><span style=\"color: #999999;\">0 K\u010d<\/span><\/td>\n<\/tr>\n<tr>\n<td style=\"text-align: left;\"><span style=\"color: #999999;\"><a href=\"https:\/\/flexifin.cz\/\" style=\"color: #999999;\" target=\"_blank\" rel=\"nofollow noopener\">FlexiFin<\/a><\/span><\/td>\n<td style=\"text-align: center;\"><strong><span style=\"color: #999999;\">12,8 %<\/span><\/strong><\/td>\n<td style=\"text-align: center;\"><span style=\"color: #999999;\">14,1 %<\/span><\/td>\n<td style=\"text-align: center;\"><span style=\"color: #ff0000;\"><a href=\"https:\/\/espolupracecz.go2cloud.org\/aff_c?offer_id=1408&amp;aff_id=9156&amp;source=uverovy-radce\" style=\"color: #ff0000;\" target=\"_blank\" rel=\"nofollow noopener\">propo\u010det<\/a><\/span><\/td>\n<td style=\"text-align: center;\"><span style=\"color: #999999;\">indiv.<\/span><\/td>\n<td style=\"text-align: center;\"><span style=\"color: #999999;\">do 1 %<\/span><\/td>\n<\/tr>\n<\/tbody>\n<\/table>\n\n\n<div style=\"height:15px\" aria-hidden=\"true\" class=\"wp-block-spacer\"><\/div>\n\n\n<p><span style=\"color: #ff0000;\"><a href=\"https:\/\/www.sluzby-zbozi.cz\/nebankovni-pujcky-on-line\/?_r=uverovy-radce.cz\" style=\"color: #ff0000;\"><span style=\"color: #ffffff;\">.<\/span><span style=\"color: #999999;\">Dal\u0161\u00ed nab\u00eddky v po\u0159ad\u00ed&#8230;<\/span><\/a><\/span><\/p>\n\n\n<div style=\"height:15px\" aria-hidden=\"true\" class=\"wp-block-spacer\"><\/div>\n\n\n\n<pre>* Minim\u00e1ln\u00ed sazba<br \/><br \/><br \/><\/pre>\n","protected":false},"excerpt":{"rendered":"<p>Tady jsou \u00fav\u011brov\u00e9 nab\u00eddky odpov\u00eddaj\u00edc\u00ed va\u0161emu zad\u00e1n\u00ed TIP\u00a0 \u00dav\u011brov\u00e9 nab\u00eddky se dnes odv\u00edj\u00ed od minim\u00e1ln\u00ed \u00farokov\u00e9 sazby, za\u010dn\u011bte tedy namodelov\u00e1n\u00edm po\u017eadovan\u00e9ho \u00fav\u011bru od 1. poskytovatele v po\u0159ad\u00ed, p\u0159es odkaz &#8218;propo\u010det&#8216;. O \u00fav\u011br pak \u017e\u00e1dejte u spole\u010dnosti s nejni\u017e\u0161\u00ed v\u00fdslednou spl\u00e1tkou. (Pokud bude sazba schv\u00e1len\u00e9ho \u00fav\u011bru oproti kalkulaci vy\u0161\u0161\u00ed, za\u017e\u00e1dejte p\u0159\u00edpadn\u011b [&hellip;]<\/p>\n","protected":false},"author":1,"featured_media":230,"parent":0,"menu_order":0,"comment_status":"closed","ping_status":"closed","template":"","meta":{"_exactmetrics_skip_tracking":false,"_exactmetrics_sitenote_active":false,"_exactmetrics_sitenote_note":"","_exactmetrics_sitenote_category":0,"_themeisle_gutenberg_block_has_review":false,"footnotes":""},"class_list":["post-684","page","type-page","status-publish","has-post-thumbnail","hentry"],"aioseo_notices":[],"_links":{"self":[{"href":"https:\/\/www.uverovy-radce.cz\/index.php?rest_route=\/wp\/v2\/pages\/684","targetHints":{"allow":["GET"]}}],"collection":[{"href":"https:\/\/www.uverovy-radce.cz\/index.php?rest_route=\/wp\/v2\/pages"}],"about":[{"href":"https:\/\/www.uverovy-radce.cz\/index.php?rest_route=\/wp\/v2\/types\/page"}],"author":[{"embeddable":true,"href":"https:\/\/www.uverovy-radce.cz\/index.php?rest_route=\/wp\/v2\/users\/1"}],"replies":[{"embeddable":true,"href":"https:\/\/www.uverovy-radce.cz\/index.php?rest_route=%2Fwp%2Fv2%2Fcomments&post=684"}],"version-history":[{"count":22,"href":"https:\/\/www.uverovy-radce.cz\/index.php?rest_route=\/wp\/v2\/pages\/684\/revisions"}],"predecessor-version":[{"id":902,"href":"https:\/\/www.uverovy-radce.cz\/index.php?rest_route=\/wp\/v2\/pages\/684\/revisions\/902"}],"wp:featuredmedia":[{"embeddable":true,"href":"https:\/\/www.uverovy-radce.cz\/index.php?rest_route=\/wp\/v2\/media\/230"}],"wp:attachment":[{"href":"https:\/\/www.uverovy-radce.cz\/index.php?rest_route=%2Fwp%2Fv2%2Fmedia&parent=684"}],"curies":[{"name":"wp","href":"https:\/\/api.w.org\/{rel}","templated":true}]}}